
{"id":369571,"date":"2022-01-05T15:51:09","date_gmt":"2022-01-05T15:51:09","guid":{"rendered":"https:\/\/fincaslayes.com\/politica-de-privacidad\/"},"modified":"2022-01-05T15:55:56","modified_gmt":"2022-01-05T15:55:56","slug":"politica-de-privacidad","status":"publish","type":"page","link":"https:\/\/fincaslayes.com\/ca\/politica-de-privacidad\/","title":{"rendered":"Pol\u00edtica de privacitat"},"content":{"rendered":"<p>[et_pb_section fb_built=&#8221;1&#8243; _builder_version=&#8221;4.14.4&#8243; _module_preset=&#8221;default&#8221; global_colors_info=&#8221;{}&#8221;][et_pb_row _builder_version=&#8221;4.14.4&#8243; _module_preset=&#8221;default&#8221; custom_padding=&#8221;139px|||||&#8221; global_colors_info=&#8221;{}&#8221;][et_pb_column type=&#8221;4_4&#8243; _builder_version=&#8221;4.14.4&#8243; _module_preset=&#8221;default&#8221; global_colors_info=&#8221;{}&#8221;][et_pb_text _builder_version=&#8221;4.14.4&#8243; _module_preset=&#8221;default&#8221; hover_enabled=&#8221;0&#8243; global_colors_info=&#8221;{}&#8221; sticky_enabled=&#8221;0&#8243;]<\/p>\n<h1 style=\"text-align: center;\">Pol\u00edtica de privacitat<\/h1>\n<p>[\/et_pb_text][et_pb_text _builder_version=&#8221;4.14.4&#8243; _module_preset=&#8221;default&#8221; hover_enabled=&#8221;0&#8243; global_colors_info=&#8221;{}&#8221; sticky_enabled=&#8221;0&#8243;]<\/p>\n<div class=\"wpb_row row\">\n<div class=\"twelve columns vc-column-extra-class-61d5bf3ea912a\" data-parallax_sense=\"30\">\n<div class=\"wpb_wrapper\">\n<div class=\"vc-row-wrapper vc_inner vc_row-fluid\">\n<div class=\"row wpb_row\">\n<div class=\"columns eight vc_custom_1547115534733\">\n<div class=\"wpb_wrapper\">\n<div class=\"wpb_text_column wpb_content_element \">\n<div class=\"wpb_wrapper\">\n<p class=\"h3 politicas\">DADES DEL RESPONSABLE DEL TRACTAMENT DE LES SEVES DADES:<\/p>\n<table>\n<tbody>\n<tr>\n<td>Identitat<\/td>\n<td>ADMINISTRACI\u00d3N DE FINCAS LAYES, S.L.<\/td>\n<\/tr>\n<tr>\n<td>NIF<\/td>\n<td>B-58118019<\/td>\n<\/tr>\n<tr>\n<td>Adre\u00e7a postal:<\/td>\n<td>C\/ BALMES, 357 \u00c0TIC (08006) BARCELONA<\/td>\n<\/tr>\n<tr>\n<td>Tel\u00e8fon<\/td>\n<td>932 128 658<\/td>\n<\/tr>\n<tr>\n<td>Correu electr\u00f2nic:<\/td>\n<td><a href=\"mailto:info@fincaslayes.com\">info@fincaslayes.com<\/a><\/td>\n<\/tr>\n<\/tbody>\n<\/table>\n<p class=\"h3 politicas\">DADES DEL DELEGAT DE PROTECCI\u00d3 DE DADES:<\/p>\n<table>\n<tbody>\n<tr>\n<td>Adre\u00e7a postal:<\/td>\n<td>C\/ Mallorca 1-23 2n pis Despatx 7B<\/td>\n<\/tr>\n<tr>\n<td>Correu electr\u00f2nic<\/td>\n<td><a href=\"mailto:dpd@extradat.es\">dpd@extradat.es<\/a><\/td>\n<\/tr>\n<\/tbody>\n<\/table>\n<p class=\"h3 politicas\">FINALITAT AMB LA QUAL ES TRACTEN LES SEVES DADES<\/p>\n<p><strong>Tractem les seves dades de car\u00e0cter personal per a les seg\u00fcents finalitats:<\/strong><\/p>\n<ul>\n<li>Gesti\u00f3 administrativa i comercial de clients i prove\u00efdors<\/li>\n<li>Gesti\u00f3 i comunicaci\u00f3 de les consultes en la web.<\/li>\n<\/ul>\n<p class=\"h3 politicas\">PER\u00cdODE DE CONSERVACI\u00d3 DE LES SEVES DADES<\/p>\n<p><strong>Les seves dades es conservaran:<\/strong><\/p>\n<ul>\n<li>Mentre es mantingui la relaci\u00f3 comercial<\/li>\n<li>Les dades es conservaran durant el temps necessari per a acomplir les obligacions legals que obliga la legislaci\u00f3 vigent i prescripci\u00f3 de responsabilitats<\/li>\n<li>Les dades personals proporcionades es conservaran fins que se sol\u00b7liciti la supressi\u00f3 per l\u2019interessat<\/li>\n<li>Durant el per\u00edode de conservaci\u00f3 per obligaci\u00f3 legal i prescripci\u00f3 de responsabilitats, les dades es conservaran bloquejades<\/li>\n<li>En el moment en qu\u00e8 expirin els terminis de conservaci\u00f3, les dades seran destru\u00efdes.<\/li>\n<\/ul>\n<p class=\"h3 politicas\">LEGITIMACI\u00d3 PER AL TRACTAMENT DE LES SEVES DADES<\/p>\n<ul>\n<li>El tractament es realitza basant-se en una relaci\u00f3 contractual<\/li>\n<li>El tractament es realitza basant-se en el consentiment de l\u2019interessat.<\/li>\n<\/ul>\n<p class=\"h3 politicas\">DESTINATARIS DE LES DADES DE CAR\u00c0CTER PERSONAL I TIPUS DE DADES QUE ES TRACTEN<\/p>\n<p><strong>Les seves dades es conservaran:<\/strong><\/p>\n<ul>\n<li>Les dades se cediran, en cas necessari a: bancs i caixes, administracions p\u00fabliques, als encarregats del tractament que donen diferent suport a ADMINISTRACI\u00d3N DE FINCAS LAYES, S.L., aix\u00ed com als tercers necessaris amb els quals sigui obligada per llei la comunicaci\u00f3, amb la finalitat de complir amb la prestaci\u00f3 del servei anteriorment esmentat.<\/li>\n<\/ul>\n<p class=\"h3 politicas\">ELS DRETS DELS INTERESSATS<\/p>\n<p><strong>Quins s\u00f3n els seus drets?<\/strong><\/p>\n<ul>\n<li>Qualsevol persona t\u00e9 dret a obtenir confirmaci\u00f3 sobre si a l\u2019ADMINISTRACI\u00d3N DE FINCAS LAYES, S.L. est\u00e0 tractant dades personals que li interessin, o no<\/li>\n<li>Les persones interessades tenen dret a accedir a les seves dades personals, aix\u00ed com a sol\u00b7licitar la rectificaci\u00f3 de les seves dades inexactes o, en tot cas, sol\u00b7licitar la supressi\u00f3 quan, entre altres motius, les dades ja no siguin necess\u00e0ries per a les finalitats per a les quals van ser recaptades<\/li>\n<li>Els interessats tenen dret a oposar-se al tractament de les seves dades personals<\/li>\n<li>En determinades circumst\u00e0ncies previstes en l\u2019article 18 del RGPD, els interessats podran sol\u00b7licitar la limitaci\u00f3 del tractament de les seves dades, en aquest cas \u00fanicament els conservaran per a l\u2019exercici o la defensa de reclamacions<\/li>\n<li>En virtut del dret a la portabilitat, els interessats tenen dret a obtenir les dades personals, que li incumbeixin, en un format estructurat d\u2019\u00fas com\u00fa i lectura mec\u00e0nica i a transmetre\u2019ls a un altre responsable.<\/li>\n<\/ul>\n<p><strong>Com pot exercir els drets?<\/strong><\/p>\n<ul>\n<li>Mitjan\u00e7ant un escrit dirigit a ADMINISTRACI\u00d3N DE FINCAS LAYES, S.L., C\/ BALMES, 357 \u00c0TIC (08006) BARCELONA<\/li>\n<li>Mitjan\u00e7ant un escrit dirigit a ADMINISTRACI\u00d3N DE FINCASS LAYES, S.L. a l\u2019adre\u00e7a de correu electr\u00f2nic:<span>\u00a0<\/span><a href=\"mailto:info@fincaslayes.com\">info@fincaslayes.com<\/a><\/li>\n<\/ul>\n<p><strong>Quines vies de reclamaci\u00f3 existeixen?<\/strong><\/p>\n<ul>\n<li>Si considera que els seus drets no s\u2019han at\u00e8s degudament, t\u00e9 dret a presentar una reclamaci\u00f3 davant l\u2019Autoritat Catalana de Protecci\u00f3 de Dades o l\u2019Ag\u00e8ncia Espanyola de Protecci\u00f3 de Dades.<\/li>\n<\/ul>\n<\/div>\n<\/div>\n<\/div>\n<\/div>\n<div class=\"columns two\">\n<div class=\"wpb_wrapper\"><\/div>\n<\/div>\n<\/div>\n<\/div>\n<\/div>\n<\/div>\n<\/div>\n<p>[\/et_pb_text][\/et_pb_column][\/et_pb_row][\/et_pb_section]<\/p>\n","protected":false},"excerpt":{"rendered":"<p>Pol\u00edtica de privacitat DADES DEL RESPONSABLE DEL TRACTAMENT DE LES SEVES DADES: Identitat ADMINISTRACI\u00d3N DE FINCAS LAYES, S.L. NIF B-58118019 Adre\u00e7a postal: C\/ BALMES, 357 \u00c0TIC (08006) BARCELONA Tel\u00e8fon 932 128 658 Correu electr\u00f2nic: info@fincaslayes.com DADES DEL DELEGAT DE PROTECCI\u00d3 DE DADES: Adre\u00e7a postal: C\/ Mallorca 1-23 2n pis Despatx 7B Correu electr\u00f2nic dpd@extradat.es FINALITAT [&hellip;]<\/p>\n","protected":false},"author":2,"featured_media":0,"parent":0,"menu_order":0,"comment_status":"closed","ping_status":"closed","template":"","meta":{"_et_pb_use_builder":"on","_et_pb_old_content":"","_et_gb_content_width":"","footnotes":""},"class_list":["post-369571","page","type-page","status-publish","hentry"],"_links":{"self":[{"href":"https:\/\/fincaslayes.com\/ca\/wp-json\/wp\/v2\/pages\/369571","targetHints":{"allow":["GET"]}}],"collection":[{"href":"https:\/\/fincaslayes.com\/ca\/wp-json\/wp\/v2\/pages"}],"about":[{"href":"https:\/\/fincaslayes.com\/ca\/wp-json\/wp\/v2\/types\/page"}],"author":[{"embeddable":true,"href":"https:\/\/fincaslayes.com\/ca\/wp-json\/wp\/v2\/users\/2"}],"replies":[{"embeddable":true,"href":"https:\/\/fincaslayes.com\/ca\/wp-json\/wp\/v2\/comments?post=369571"}],"version-history":[{"count":0,"href":"https:\/\/fincaslayes.com\/ca\/wp-json\/wp\/v2\/pages\/369571\/revisions"}],"wp:attachment":[{"href":"https:\/\/fincaslayes.com\/ca\/wp-json\/wp\/v2\/media?parent=369571"}],"curies":[{"name":"wp","href":"https:\/\/api.w.org\/{rel}","templated":true}]}}

Política de privacitat

<p>[et_pb_section fb_built=&#8221;1&#8243; _builder_version=&#8221;4.14.4&#8243; _module_preset=&#8221;default&#8221; global_colors_info=&#8221;{}&#8221;][et_pb_row _builder_version=&#8221;4.14.4&#8243; _module_preset=&#8221;default&#8221; custom_padding=&#8221;139px|||||&#8221; global_colors_info=&#8221;{}&#8221;][et_pb_column type=&#8221;4_4&#8243; _builder_version=&#8221;4.14.4&#8243; _module_preset=&#8221;default&#8221; global_colors_info=&#8221;{}&#8221;][et_pb_text _builder_version=&#8221;4.14.4&#8243; _module_preset=&#8221;default&#8221; hover_enabled=&#8221;0&#8243; global_colors_info=&#8221;{}&#8221; sticky_enabled=&#8221;0&#8243;]</p>
<h1 style="text-align: center;">Política de privacitat</h1>
<p>[/et_pb_text][et_pb_text _builder_version=&#8221;4.14.4&#8243; _module_preset=&#8221;default&#8221; hover_enabled=&#8221;0&#8243; global_colors_info=&#8221;{}&#8221; sticky_enabled=&#8221;0&#8243;]</p>
<div class="wpb_row row">
<div class="twelve columns vc-column-extra-class-61d5bf3ea912a" data-parallax_sense="30">
<div class="wpb_wrapper">
<div class="vc-row-wrapper vc_inner vc_row-fluid">
<div class="row wpb_row">
<div class="columns eight vc_custom_1547115534733">
<div class="wpb_wrapper">
<div class="wpb_text_column wpb_content_element ">
<div class="wpb_wrapper">
<p class="h3 politicas">DADES DEL RESPONSABLE DEL TRACTAMENT DE LES SEVES DADES:</p>
<table>
<tbody>
<tr>
<td>Identitat</td>
<td>ADMINISTRACIÓN DE FINCAS LAYES, S.L.</td>
</tr>
<tr>
<td>NIF</td>
<td>B-58118019</td>
</tr>
<tr>
<td>Adreça postal:</td>
<td>C/ BALMES, 357 ÀTIC (08006) BARCELONA</td>
</tr>
<tr>
<td>Telèfon</td>
<td>932 128 658</td>
</tr>
<tr>
<td>Correu electrònic:</td>
<td><a href="mailto:info@fincaslayes.com">info@fincaslayes.com</a></td>
</tr>
</tbody>
</table>
<p class="h3 politicas">DADES DEL DELEGAT DE PROTECCIÓ DE DADES:</p>
<table>
<tbody>
<tr>
<td>Adreça postal:</td>
<td>C/ Mallorca 1-23 2n pis Despatx 7B</td>
</tr>
<tr>
<td>Correu electrònic</td>
<td><a href="mailto:dpd@extradat.es">dpd@extradat.es</a></td>
</tr>
</tbody>
</table>
<p class="h3 politicas">FINALITAT AMB LA QUAL ES TRACTEN LES SEVES DADES</p>
<p><strong>Tractem les seves dades de caràcter personal per a les següents finalitats:</strong></p>
<ul>
<li>Gestió administrativa i comercial de clients i proveïdors</li>
<li>Gestió i comunicació de les consultes en la web.</li>
</ul>
<p class="h3 politicas">PERÍODE DE CONSERVACIÓ DE LES SEVES DADES</p>
<p><strong>Les seves dades es conservaran:</strong></p>
<ul>
<li>Mentre es mantingui la relació comercial</li>
<li>Les dades es conservaran durant el temps necessari per a acomplir les obligacions legals que obliga la legislació vigent i prescripció de responsabilitats</li>
<li>Les dades personals proporcionades es conservaran fins que se sol·liciti la supressió per l’interessat</li>
<li>Durant el període de conservació per obligació legal i prescripció de responsabilitats, les dades es conservaran bloquejades</li>
<li>En el moment en què expirin els terminis de conservació, les dades seran destruïdes.</li>
</ul>
<p class="h3 politicas">LEGITIMACIÓ PER AL TRACTAMENT DE LES SEVES DADES</p>
<ul>
<li>El tractament es realitza basant-se en una relació contractual</li>
<li>El tractament es realitza basant-se en el consentiment de l’interessat.</li>
</ul>
<p class="h3 politicas">DESTINATARIS DE LES DADES DE CARÀCTER PERSONAL I TIPUS DE DADES QUE ES TRACTEN</p>
<p><strong>Les seves dades es conservaran:</strong></p>
<ul>
<li>Les dades se cediran, en cas necessari a: bancs i caixes, administracions públiques, als encarregats del tractament que donen diferent suport a ADMINISTRACIÓN DE FINCAS LAYES, S.L., així com als tercers necessaris amb els quals sigui obligada per llei la comunicació, amb la finalitat de complir amb la prestació del servei anteriorment esmentat.</li>
</ul>
<p class="h3 politicas">ELS DRETS DELS INTERESSATS</p>
<p><strong>Quins són els seus drets?</strong></p>
<ul>
<li>Qualsevol persona té dret a obtenir confirmació sobre si a l’ADMINISTRACIÓN DE FINCAS LAYES, S.L. està tractant dades personals que li interessin, o no</li>
<li>Les persones interessades tenen dret a accedir a les seves dades personals, així com a sol·licitar la rectificació de les seves dades inexactes o, en tot cas, sol·licitar la supressió quan, entre altres motius, les dades ja no siguin necessàries per a les finalitats per a les quals van ser recaptades</li>
<li>Els interessats tenen dret a oposar-se al tractament de les seves dades personals</li>
<li>En determinades circumstàncies previstes en l’article 18 del RGPD, els interessats podran sol·licitar la limitació del tractament de les seves dades, en aquest cas únicament els conservaran per a l’exercici o la defensa de reclamacions</li>
<li>En virtut del dret a la portabilitat, els interessats tenen dret a obtenir les dades personals, que li incumbeixin, en un format estructurat d’ús comú i lectura mecànica i a transmetre’ls a un altre responsable.</li>
</ul>
<p><strong>Com pot exercir els drets?</strong></p>
<ul>
<li>Mitjançant un escrit dirigit a ADMINISTRACIÓN DE FINCAS LAYES, S.L., C/ BALMES, 357 ÀTIC (08006) BARCELONA</li>
<li>Mitjançant un escrit dirigit a ADMINISTRACIÓN DE FINCASS LAYES, S.L. a l’adreça de correu electrònic:<span> </span><a href="mailto:info@fincaslayes.com">info@fincaslayes.com</a></li>
</ul>
<p><strong>Quines vies de reclamació existeixen?</strong></p>
<ul>
<li>Si considera que els seus drets no s’han atès degudament, té dret a presentar una reclamació davant l’Autoritat Catalana de Protecció de Dades o l’Agència Espanyola de Protecció de Dades.</li>
</ul>
</div>
</div>
</div>
</div>
<div class="columns two">
<div class="wpb_wrapper"></div>
</div>
</div>
</div>
</div>
</div>
</div>
<p>[/et_pb_text][/et_pb_column][/et_pb_row][/et_pb_section]</p>

<p>Política de privacitat DADES DEL RESPONSABLE DEL TRACTAMENT DE LES SEVES DADES: Identitat ADMINISTRACIÓN DE FINCAS LAYES, S.L. NIF B-58118019 Adreça postal: C/ BALMES, 357 ÀTIC (08006) BARCELONA Telèfon 932 128 658 Correu electrònic: info@fincaslayes.com DADES DEL DELEGAT DE PROTECCIÓ DE DADES: Adreça postal: C/ Mallorca 1-23 2n pis Despatx 7B Correu electrònic dpd@extradat.es FINALITAT [&hellip;]</p>
